 of 2642674?
7
What is the hundreds digit of 319058?
0
What is the units digit of 217273?
3
What is the units digit of 945034?
4
What is the hundreds digit of 380607?
6
What is the hundred thousands digit of 5765857?
7
What is the millions digit of 2510259?
2
What is the hundreds digit of 585846?
8
What is the thousands digit of 895276?
5
What is the tens digit of 118248?
4
What is the thousands digit of 8155676?
5
What is the tens digit of 888257?
5
What is the ten thousands digit of 845164?
4
What is the thousands digit of 7799144?
9
What is the tens digit of 6198891?
9
What is the thousands digit of 31518?
1
What is the ten thousands digit of 733700?
3
What is the units digit of 1878452?
2
What is the hundred thousands digit of 609664?
6
What is the thousands digit of 58281?
8
What is the hundreds digit of 354467?
4
What is the tens digit of 85479?
7
What is the ten thousands digit of 799393?
9
What is the hundreds digit of 4672695?
6
What is the millions digit of 15047500?
5
What is the ten thousands digit of 662135?
6
What is the hundred thousands digit of 3450280?
4
What is the tens digit of 1945597?
9
What is the hundreds digit of 977723?
7
What is the hundreds digit of 4520407?
4
What is the hundred thousands digit of 252454?
2
What is the tens digit of 7460042?
4
What is the thousands digit of 175078?
5
What is the millions digit of 5325825?
5
What is the units digit of 1074821?
1
What is the hundred thousands digit of 827023?
8
What is the units digit of 10320573?
3
What is the ten thousands digit of 3392083?
9
What is the hundred thousands digit of 2085351?
0
What is the hundred thousands digit of 344533?
3
What is the units digit of 539018?
8
What is the millions digit of 1048204?
1
What is the ten thousands digit of 1437686?
3
What is the hundreds digit of 5171?
1
What is the tens digit of 219279?
7
What is the thousands digit of 139024?
9
What is the hundred thousands digit of 1375968?
3
What is the tens digit of 1182277?
7
What is the tens digit of 1132025?
2
What is the hundreds digit of 20863?
8
What is the tens digit of 184452?
5
What is the thousands digit of 11194255?
4
What is the thousands digit of 23364?
3
What is the hundred thousands digit of 2354847?
3
What is the units digit of 1417886?
6
What is the hundred thousands digit of 663508?
6
What is the thousands digit of 21117?
1
What is the tens digit of 73615?
1
What is the hundreds digit of 16117?
1
What is the thousands digit of 6652191?
2
What is the hundred thousands digit of 553941?
5
What is the tens digit of 83238?
3
What is the hundred thousands digit of 2699700?
6
What is the hundred thousands digit of 18341346?
3
What is the millions digit of 2065380?
2
What is the hundreds digit of 2963309?
3
What is the ten thousands digit of 516156?
1
What is the tens digit of 184393?
9
What is the hundred thousands digit of 43074982?
0
What is the ten millions digit of 10844846?
1
What is the millions digit of 5780502?
5
What is the units digit of 9453761?
1
What is the hundred thousands digit of 250814?
2
What is the tens digit of 30126?
2
What is the tens digit of 97769?
6
What is the tens digit of 430125?
2
What is the millions digit of 8104783?
8
What is the hundreds digit of 5321925?
9
What is the tens digit of 730937?
3
What is the thousands digit of 2333644?
3
What is the hundred thousands digit of 1427588?
4
What is the units digit of 1173288?
8
What is the units digit of 669419?
9
What is the hundred thousands digit of 3330579?
3
What is the millions digit of 2376018?
2
What is the hundreds digit of 7319980?
9
What is the hundred thousands digit of 16560571?
5
What is the tens digit of 27812896?
9
What is the tens digit of 87625?
2
What is the tens digit of 16691?
9
What is the tens digit of 14797735?
3
What is the units digit of 327043?
3
What is the ten thousands digit of 278826?
7
What is the ten thousands digit of 553987?
5
What is the ten thousands digit of 283464?
8
What is the ten thousands digit of 7254915?
5
What is the hundred thousands digit of 641154?
6
What is the units digit of 788553?
3
What is the units digit of 322250?
0
What is the tens digit of 5698960?
6
What is the ten millions digit of 12370164?
1
What is the ten thousands digit of 24955876?
5
What is the hundreds digit of 419371?
3
What is the tens digit of 481282?
8
What is the millions digit of 13036707?
3
What is the millions digit of 8951108?
8
What is the tens digit of 19267571?
7
What is the thousands digit of 74472?
4
What is the units digit of 234020?
0
What is the tens digit of 11277832?
3
What is the hundred thousands digit of 3155618?
1
What is the hundreds digit of 7992560?
5
What is the ten thousands digit of 196903?
9
What is the millions digit of 14980711?
4
What is the ten thousands digit of 1000682?
0
What is the hundreds digit of 4039654?
6
What is the ten thousands digit of 17334328?
3
What is the ten thousands digit of 34132?
3
What is the units digit of 690382?
2
What is the ten thousands digit of 28665494?
6
What is the hundred thousands digit of 1102471?
1
What is the units digit of 2006330?
0
What is the hundreds digit of 5613?
6
What is the millions digit of 2795805?
2
What is the ten thousands digit of 2165231?
6
What is the millions digit of 4174135?
4
What is the hundreds digit of 657554?
5
What is the hundred thousands digit of 1331009?
3
What is the units digit of 3778206?
6
What is the ten thousands digit of 4695644?
9
What is the tens digit of 511329?
2
What is the hundred thousands digit of 9774362?
7
What is the hundred thousands digit of 2851954?
8
What is the units digit of 12771221?
1
What is the ten thousands digit of 7906496?
0
What is the hundred thousands digit of 358358?
3
What is the millions digit of 1913346?
1
What is the hundred thousands digit of 5596027?
5
What is the thousands digit of 1460466?
0
What is the tens digit of 15399267?
6
What is the thousands digit of 595919?
5
What is the units digit of 8223697?
7
What is the hundreds digit of 8876678?
6
What is the units digit of 196328?
8
What is the tens digit of 194441?
4
What is the ten thousands digit of 90051?
9
What is the hundred thousands digit of 7202343?
2
What is the hundreds digit of 1073652?
6
What is the ten millions digit of 16040923?
1
What is the tens digit of 283792?
9
What is the ten thousands digit of 1816864?
1
What is the units digit of 32852?
2
What is the ten thousands digit of 1197831?
9
What is the units digit of 1825213?
3
What is the ten thousands digit of 17946719?
4
What is the thousands digit of 10243416?
3
What is the units digit of 59097?
7
What is the hundreds digit of 10498057?
0
What is the tens digit of 4521693?
9
What is the ten millions digit of 10741438?
1
What is the thousands digit of 265067?
5
What is the ten thousands digit of 266624?
6
What is the tens digit of 53009?
0
What is the hundreds digit of 33895?
8
What is the tens digit of 3822640?
4
What is the tens digit of 5419031?
3
What is the ten thousands digit of 595671?
9
What is the hundred thousands digit of 532235?
5
What is the thousands digit of 166498?
6
What is the thousands digit of 2540952?
0
What is the tens digit of 378240?
4
What is the hundreds digit of 29682163?
1
What is the hundreds digit of 9203618?
6
What is the thousands digit of 79729?
9
What is the units digit of 94651?
1
What is the thousands digit of 314146?
4
What is the tens digit of 568175?
7
What is the thousands digit of 2634009?
4
What is the thousands digit of 25052667?
2
What is the tens digit of 225348?
4
What is the hundreds digit of 925518?
5
What is the tens digit of 1422865?
6
What is the thousands digit of 8072428?
2
What is the ten millions digit of 10610961?
1
What is the thousands digit of 61746?
1
What is the ten thousands digit of 2265121?
6
What is the hundreds digit of 1407383?
3
What is the thousands digit of 1298977?
8
What is the ten thousands digit of 585718?
8
What is the units digit of 2413967?
7
What is the ten thousands digit of 3643213?
4
What is the ten thousands digit of 433729?
3
What is the hundred thousands digit of 299817?
2
What is the millions digit of 3467029?
3
What is the hundreds digit of 10407231?
2
What is the units digit of 3289343?
3
What is the hundreds digit of 1804515?
5